e 3.
-1120122201
Convert 201454 (base 6) to base 12.
928a
Convert -6423 (base 8) to base 6.
-23255
3303211 (base 4) to base 3
210101101
-120013 (base 4) to base 15
-6cd
5111 (base 7) to base 16
6ec
Convert -562f (base 16) to base 2.
-101011000101111
What is -1000111111111001 (base 2) in base 12?
-193b5
What is -2943b (base 13) in base 16?
-12f35
Convert -11687 (base 11) to base 13.
-784a
Convert 125426 (base 7) to base 10.
23540
-44324 (base 6) to base 3
-22110121
-2260 (base 10) to base 13
-104b
Convert -2638 (base 16) to base 8.
-23070
17dd (base 16) to base 11
4654
What is -23503 (base 6) in base 15?
-1033
Convert -102113 (base 4) to base 8.
-2227
-12011301 (base 4) to base 10
-24945
Convert -685 (base 13) to base 12.
-797
What is -10480 (base 11) in base 6?
-154233
1000110010010 (base 2) to base 8
10622
Convert -220032 (base 4) to base 13.
-1230
Convert -23 (base 13) to base 2.
-11101
-141 (base 16) to base 5
-2241
Convert 2221 (base 8) to base 10.
1169
Convert -3156 (base 7) to base 10.
-1119
What is 1212342 (base 5) in base 3?
1011100012
cbb (base 15) to base 2
101100111100
Convert 48a (base 16) to base 15.
527
What is 101110111 (base 2) in base 5?
3000
4a692 (base 11) to base 10
72701
5154 (base 8) to base 12
1664
Convert -179a (base 16) to base 2.
-1011110011010
What is -c2 (base 15) in base 9?
-222
What is -174340 (base 8) in base 3?
-10020101201
What is -402 (base 9) in base 7?
-644
-4030 (base 6) to base 16
-372
What is 663 (base 7) in base 13?
201
55168 (base 10) to base 15
1152d
Convert 285 (base 15) to base 3.
210022
Convert -ba (base 13) to base 10.
-153
What is 27754 (base 9) in base 2?
100100110011001
What is -bcac (base 14) in base 11?
-22617
Convert 112110112 (base 3) to base 13.
4a51
What is -217775 (base 8) in base 6?
-1325153
Convert 731 (base 9) to base 2.
1001010011
Convert d56 (base 15) to base 7.
11523
32b (base 12) to base 16
1d3
Convert 1a6 (base 16) to base 8.
646
Convert -4751 (base 9) to base 2.
-110111001001
32b (base 14) to base 2
1001110011
Convert 101110001 (base 2) to base 9.
450
Convert -43436 (base 7) to base 15.
-333b
Convert -1a8 (base 14) to base 8.
-530
2011220 (base 4) to base 13
3b7b
Convert 263023 (base 7) to base 8.
137652
Convert -2a2 (base 12) to base 7.
-1124
-110001010110100 (base 2) to base 8
-61264
-113a4 (base 13) to base 8
-75247
-22403 (base 7) to base 14
-2103
Convert -11c (base 15) to base 6.
-1100
Convert -4475 (base 8) to base 13.
-10cc
Convert 3227 (base 9) to base 3.
10020221
Convert b86 (base 15) to base 7.
10404
5c87 (base 13) to base 15
3d4e
Convert -2c4 (base 15) to base 5.
-10014
Convert -1010101111 (base 2) to base 13.
-40b
What is -55c (base 14) in base 5?
-13222
Convert -21122 (base 3) to base 13.
-12b
Convert 443122 (base 5) to base 16.
3c34
What is -b66 (base 16) in base 10?
-2918
-1334 (base 8) to base 4
-23130
Convert -10101100101 (base 2) to base 7.
-4012
Convert -5a28 (base 11) to base 4.
-1323113
Convert 112000202 (base 3) to base 6.
115202
-22110 (base 8) to base 4
-2101020
What is 11101101110 (base 2) in base 5?
30102
What is 30302 (base 4) in base 7?
2246
Convert 1111001101100 (base 2) to base 11.
5940
430 (base 15) to base 11
78a
What is 8b6c (base 15) in base 14?
aac9
Convert -1113 (base 4) to base 10.
-87
Convert -10203 (base 4) to base 12.
-203
What is 211211002 (base 3) in base 9?
24732
What is 713c (base 13) in base 11?
107a1
-b7a (base 12) to base 6
-11434
-3120 (base 7) to base 11
-903
What is 315 (base 7) in base 11?
135
Convert 321330 (base 4) to base 2.
111001111100
What is 10110101011 (base 2) in base 11?
10aa
What is -11110100 (base 2) in base 8?
-364
227 (base 15) to base 3
200001
Convert 3036 (base 8) to base 3.
2011000
Convert -31002 (base 4) to base 10.
-834
-15141 (base 6) to base 14
-c61
3142 (base 12) to base 13
25a9
2c2 (base 16) to base 5
10311
-6812 (base 11) to base 9
-13263
What is -100155 (base 6) in base 4?
-1322213
156d (base 15) to base 13
2131
What is 386 (base 12) in base 16?
216
1000040 (base 5) to base 4
3310131
What is -17530 (base 12) in base 3?
-1201002000
c626 (base 13) to base 2
110101100010010
-202220 (base 3) to base 16
-234
-111010011 (base 3) to base 11
-7203
-a037 (base 12) to base 4
-10032223
Convert -34 (base 16) to base 15.
-37
What is 112122212 (base 3) in base 15?
3278
Convert 1344 (base 10) to base 15.
5e9
What is -307 (base 10) in base 6?
-1231
Convert 11312 (base 5) to base 16.
340
3a26 (base 12) to base 14
25d4
-1372 (base 16) to base 12
-2a6a
What is -330 (base 11) in base 8?
-614
Convert 2060 (base 7) to base 15.
338
Convert 301 (base 10) to base 3.
102011
Convert 1100000010011111 (base 2) to base 5.
3034221
Convert 22432 (base 5) to base 13.
975
What is -143015 (base 6) in base 8?
-32463
Convert -231330 (base 4) to base 8.
-5574
What is 26b17 (base 12) in base 11?
37175
Convert -40265 (base 9) to base 10.
-26465
What is -2172 (base 9) in base 12?
-b18
Convert 22299 (base 10) to base 7.
122004
Convert -566 (base 9) to base 8.
-721
What is 1111233 (base 4) in base 11?
4139
What is 212411 (base 6) in base 7?
101551
Convert -920 (base 11) to base 12.
-787
What is -1000000100100010 (base 2) in base 8?
-100442
Convert -355103 (base 6) to base 8.
-74317
Convert -234354 (base 6) to base 14.
-7646
1b15 (base 16) to base 2
1101100010101
Convert 27c (base 13) to base 2.
110111001
-54b3 (base 12) to base 16
-2487
Convert -11020 (base 5) to base 3.
-1001011
Convert -116 (base 8) to base 14.
-58
What is 12210111 (base 3) in base 12?
2541
Convert 2756 (base 8) to base 7.
4266
What is -11c1 (base 13) in base 2?
-100111011011
What is 135a6 (base 11) in base 14?
70a7
Convert -186 (base 15) to base 11.
-29a
Convert -89 (base 16) to base 2.
-10001001
Convert -27082 (base 9) to base 13.
-8438
Convert 116166 (base 8) to base 12.
1b21a
Convert 364 (base 11) to base 13.
274
Convert 176 (base 13) to base 11.
222
What is a2a (base 13) in base 8?
3276
Convert -127 (base 16) to base 5.
-2140
What is -4003 (base 8) in base 3?
-2210222
Convert 933 (base 16) to base 8.
4463
What is -7ce (base 15) in base 16?
-6e9
What is -686 (base 10) in base 14?
-370
6b2 (base 16) to base 7
4666
What is 410210 (base 5) in base 12?
7764
What is -1617 (base 12) in base 16?
-a33
Convert 165042 (base 7) to base 4.
20002332
11143 (base 8) to base 5
122312
463 (base 14) to base 15
3d1
-13021233 (base 4) to base 15
-8a30
Convert -951a (base 11) to base 3.
-122021212
What is 468 (base 11) in base 8?
1056
Convert 212 (base 15) to base 13.
29c
11552 (base 6) to base 8
3274
-23421 (base 6) to base 14
-1349
What is -1011210210 (base 3) in base 8?
-55223
What is 3 (base 15) in base 10?
3
2101121021 (base 3) to base 6
1002011
Convert -521 (base 8) to base 7.
-661
-11414 (base 8) to base 14
-1ac4
What is -4031 (base 5) in base 13?
-309
Convert 52070 (base 8) to base 4.
11100320
Convert 4169 (base 14) to base 7.
44562
What is 2423 (base 7) in base 10?
899
Convert a6 (base 14) to base 6.
402
-1a (base 14) to base 13
-1b
-1111101100 (base 2) to base 9
-1335
Convert -9907 (base 10) to base 15.
-2e07
Convert -905 (base 14) to base 2.
-11011101001
Convert -920 (base 10) to base 7.
-2453
-100120202 (base 3) to base 16
-1b4a
-2086 (base 10) to base 11
-1627
Convert -12201 (base 4) to base 7.
-1134
Convert -54 (base 10) to base 7.
-105
-400 (base 6) to base 15
-99
Convert 1000000100 (base 2) to base 12.
370
What is 308d (base 14) in base 16?
20a5
What is 3502 (base 6) in base 13?
4bb
Convert -110011201 (base 3) to base 13.
-4069
What is 22234 (base 5) in base 3?
2011010
What is 3b10 (base 14) in base 11?
78a7
Convert -1273 (base 8) to base 15.
-319
Convert -175 (base 13) to base 14.
-14d
-108 (base 16) to base 15
-129
-11020220 (base 3) to base 13
-1548
512032 (base 6) to base 10
40628
What is 1101001100011111 (base 2) in base 7?
313400
What is 4823 (base 9) in base 4?
320001
What is -20276 (base 10) in base 6?
-233512
What is 135 (base 9) in base 16?
71
What is -4f7 (base 16) in base 7?
-3464
What is -15441 (base 12) in base 13?
-1086a
What is -550 (base 9) in base 4?
-13002
What is 302 (base 6) in base 8?
156
What is 15064 (base 9) in base 6?
115304
Convert 16010 (base 8) to base 9.
10753
1220200 (base 3) to base 7
4032
-10336 (base 11) to base 16
-3ac3
What is -20122 (base